- 10. Give y(-2).
-8
Let z(f) = 6*f. Give z(1).
6
Let c(h) = h - 7. What is c(-6)?
-13
Let a(i) = -2*i**2 - 22*i - 31. What is a(-9)?
5
Let j(g) = -12*g + 7. Give j(2).
-17
Let z(m) = 19*m**3 - 2*m**2 + 2. Give z(-1).
-19
Let w(k) = k**3 + 17*k**2 - 21*k - 63. What is w(-18)?
-9
Let q(s) = s**2 + 5*s + 6. What is q(-4)?
2
Let h(b) = b**3 - b**2 - 8*b + 1. Give h(5).
61
Let q(h) = h**3 - h**2 - 5*h - 124. Give q(0).
-124
Let w(n) = 6*n**3 + n**2 + 4*n - 1. Give w(-2).
-53
Let r(v) = -v**3 + 19*v**2 - 19*v + 14. Give r(18).
-4
Let h(w) = w**2 + 4*w - 8. Calculate h(-6).
4
Let x(d) = -d**3 + 5*d**2 - d - 3. Give x(5).
-8
Let l(g) = -2*g**2 - 4. Give l(4).
-36
Let q(p) = -p**2 + 14*p + 88. What is q(19)?
-7
Let m(r) = r**2 - 8*r + 19. What is m(7)?
12
Let r(z) = z**3 - 3*z**2 - 7*z + 4. Determine r(4).
-8
Let l(d) = -d**3 + 6*d**2 - 10*d + 5. What is l(2)?
1
Let v(b) = -3*b**2 + 11*b + 23. What is v(7)?
-47
Let x(c) = 10*c + 31. Give x(-3).
1
Let z(w) = w**3 + 5*w**2 - 10*w + 5. Calculate z(-7).
-23
Let f(z) = z + 37. Give f(-33).
4
Let o(t) = t**3 + 16*t**2 - 15*t + 37. Give o(-17).
3
Let p(z) = -z**3 + 6*z**2 - 9*z + 5. Calculate p(3).
5
Let v(w) = -w**3 - 6*w**2 - 5*w - 11. Give v(-5).
-11
Let u(v) = -4*v - 11. Determine u(-10).
29
Let l(z) = -2*z - 1. What is l(-2)?
3
Let v(l) = -4*l**2 - 80*l + 4. What is v(-20)?
4
Let v(s) = s**3 + 5*s**2 - 3*s - 6. Give v(-4).
22
Let p(i) = -i + 4. Calculate p(-4).
8
Let o(f) = 156*f**3 + f**2 - f. Calculate o(1).
156
Let c(x) = -x**2 + 12. What is c(4)?
-4
Let u(w) = -2*w**3 + 2*w**2 + 4*w - 6. What is u(2)?
-6
Let d(r) = -r**3 + 16*r**2 + r - 21. Give d(16).
-5
Let v(r) = r**3 + 35*r**2 + 32*r - 61. Give v(-34).
7
Let w(x) = -x - 29. Calculate w(-7).
-22
Let o(k) = -k**3 + 12*k**2 - 3*k + 11. Determine o(12).
-25
Let t(a) = -a**3 - 21*a**2 - 2*a - 43. Calculate t(-21).
-1
Let k(g) = -12*g**3 + 11*g**2 - 20*g + 2. Calculate k(2).
-90
Let q(v) = -v**3 + 5*v**2 + 7*v + 4. Determine q(7).
-45
Let c(t) = -t - 19. Give c(0).
-19
Let w(r) = r**2 + 2*r - 2. What is w(1)?
1
Let n(f) = f**3 + 25*f**2 + 86*f + 42. Give n(-21).
0
Let c(q) = -q**2 + 15*q - 5. Give c(10).
45
Let m(a) = -5*a**2 + 7*a + 1. Give m(3).
-23
Let d(t) = -t**3 + 12*t**2 - 10*t + 30. Calculate d(12).
-90
Let q(z) = z**2 - 10*z + 11. Calculate q(6).
-13
Let h(t) = -t**2 + 2*t + 2. What is h(2)?
2
Let u(a) = -a - 9. What is u(-8)?
-1
Let w(f) = 3*f**2 - 59*f + 8. What is w(19)?
-30
Let f(n) = -4*n**3 - 3*n**2 - 6*n + 8. What is f(1)?
-5
Let u(b) = -b**3 + 7*b**2 - 7*b + 8. What is u(6)?
2
Let u(t) = -18*t - 93. Determine u(-5).
-3
Let b(q) = 3*q + 4. Determine b(-8).
-20
Let m(o) = o**3 - 3*o**2 - o - 3. Calculate m(3).
-6
Let p(z) = -z**3 + 18*z**2 + z + 18. Determine p(18).
36
Let a(n) = -n**2 - 16*n + 8. What is a(-10)?
68
Let f(s) = -4*s - 29. What is f(-6)?
-5
Let d(k) = k**2 - 2*k. What is d(-3)?
15
Let i(y) = -y**2 + 34*y - 257. Calculate i(12).
7
Let l(y) = -y**3 + 21*y**2 + 21*y + 1. Determine l(22).
-21
Let c(l) = -5*l - 3. Determine c(-1).
2
Let p(t) = t**3 + t**2 + 1. Determine p(-3).
-17
Let a(m) = 32*m**3 - m + 1. Give a(1).
32
Let j(v) = -v**3 - 31*v**2 + 33*v + 33. Calculate j(-32).
1
Let p(d) = 8*d + 7. Calculate p(-1).
-1
Let m(x) = -x**2 - 9*x - 21. Give m(-5).
-1
Let x(q) = -3*q**2 + 30*q - 21. What is x(9)?
6
Let g(v) = v**3 + 20*v**2 - v - 12. Calculate g(-20).
8
Let z(j) = 3*j - 3. Determine z(3).
6
Let u(f) = -f**3 + 3*f**2 + 19*f + 24. What is u(7)?
-39
Let a(h) = h**3 - 7*h**2 - 9*h + 11. Give a(8).
3
Let u(m) = 5*m + 8. Give u(-6).
-22
Let g(h) = -5*h - 73. What is g(-13)?
-8
Let z(v) = 5*v**2 + 2*v - 23. Calculate z(0).
-23
Let l(g) = -g**2 - 24*g - 31. Determine l(-6).
77
Let v(q) = 12*q - 186. What is v(16)?
6
Let u(d) = -2*d**3 - 37*d**2 - 16*d + 23. Determine u(-18).
-13
Let c(q) = -q - 11. Calculate c(-10).
-1
Let s(h) = 79*h**3 + 3*h + 2. Determine s(-1).
-80
Let a(v) = -v**3 - 53*v**2 - 152*v - 98. Determine a(-50).
2
Let j(a) = 3*a**3 - 11*a**2 + 6*a - 7. Give j(4).
33
Let s(v) = v**3 - 5*v**2 - 28*v - 27. What is s(9)?
45
Let r(a) = a**2 - 3*a + 8. What is r(5)?
18
Let w(h) = -5*h + 10. Determine w(10).
-40
Let b(x) = x**2 - 11*x + 8. Determine b(11).
8
Let n(r) = r**3 - 6*r**2 - r + 7. Calculate n(6).
1
Let d(x) = -7*x + 252. What is d(35)?
7
Let u(m) = -m**2 + 2*m + 9. What is u(0)?
9
Let a(t) = -58*t - 9. Determine a(1).
-67
Let v(i) = i**3 + 11*i**2 - 5*i + 2. What is v(-11)?
57
Let b(j) = j**3 - 42*j**2 + 118*j + 27. What is b(39)?
66
Let q(g) = -g**2 - 12*g - 3. Give q(-4).
29
Let x(r) = -4*r - 7. Calculate x(-6).
17
Let t(d) = -16*d**3 - 2*d**2 + 1. Determine t(-1).
15
Let h(i) = i**3 + 8*i**2 + 2*i - 30. Determine h(-7).
5
Let u(c) = -c**3 + 2*c + 6. Calculate u(-3).
27
Let p(o) = 3*o - 3. What is p(2)?
3
Let o(v) = 18*v**2 + 2*v. Calculate o(1).
20
Let c(t) = 2*t**3 + 9*t**2 + 2*t - 1. Calculate c(-4).
7
Let r(q) = -q**2 - 8*q + 1. Calculate r(-4).
17
Let o(i) = 3*i**3 + i**2 + i + 1. Determine o(-1).
-2
Let k(u) = -42*u**2 - u. Calculate k(-1).
-41
Let t(s) = -s**3 - 10*s**2 - 15*s. Give t(-2).
-2
Let l(w) = 3*w**2 - 5*w + 4. What is l(9)?
202
Let d(u) = -5*u**3 + u**2 + 5*u + 6. Determine d(-2).
40
Let p(o) = -2*o**2 - 11*o + 9. What is p(-7)?
-12
Let x(h) = -h**2 + 13*h - 18. Calculate x(5).
22
Let a(r) = r + 66. Determine a(0).
66
Let y(d) = d - 48. Calculate y(21).
-27
Let g(n) = n**2 + 9*n - 9. Give g(-9).
-9
Let t(h) = -h**3 - 17*h**2 + 19*h + 14. What is t(-18)?
-4
Let s(d) = d**3 + d**2 - 6*d - 5. What is s(-2)?
3
Let b(r) = 6*r**2 + 22*r + 26. Give b(-4).
34
Let a(u) = 5*u**2 + 49*u - 9. What is a(-10)?
1
Let n(c) = -c**3 - 10*c**2 - 11*c - 1. Determine n(-9).
17
Let n(z) = 4*z**2 - 7*z - 9. Give n(-2).
21
Let t(m) = -m**3 + 22*m**2 + m + 6. Calculate t(22).
28
Let k(t) = -7*t + 134. Give k(0).
134
Let p(z) = -z**2 - 51*z + 93. Give p(-53).
-13
Let h(g) = g**3 - 12*g**2 - 15*g - 17. Give h(13).
-43
Let o(d) = d**3 + 5*d**2 + 3*d + 8. Calculate o(-4).
12
Let n(g) = -2*g + 18. Calculate n(4).
10
Let j(r) = -5*r - 32. Calculate j(-12).
28
Let w(o) = o**2 + 25*o + 125. Determine w(-18).
-1
Let i(t) = t**2 + 24*t - 75. Calculate i(-26).
-23
Let g(t) = -t**2 - 28*t + 199. Calculate g(-34).
-5
Let x(i) = i**2 + 18*i - 22. Calculate x(-19).
-3
Let z(a) = a**2 + 8*a - 20. Determine z(-10).
0
Let b(w) = -w**3 - 10*w**2 + 23*w - 8. Calculate b(-12).
4
Let m(z) = z**2 + 5*z + 3. Determine m(-3).
-3
Let i(c) = c**3 - 15*c**2 - 18*c + 38. Calculate i(16).
6
Let x(v) = v**3 + 8*v**2 + 3*v + 10. Calculate x(-8).
-14
Let q(u) = u**2 - u. Determine q(-4).
20
Let b(w) = -2*w - 9. What is b(-4)?
-1
Let h(q) = q**3 + 31*q**2 + 31*q - 5. Give h(-30).
-35
Let y(r) = r**3 - 13*r**2 - 17*r + 20. Give y(14).
-22
Let u(o) = -o**3 - 6*o**2 + 56*o - 10. What is u(5)?
-5
Let y(c) = 36*c + 184. Calculate y(-5).
4
Let v(x) = x**2 + x - 9. Calculate v(6).
33
Let t(g) = 7*g**2 + 6*g - 1. What is t(0)?
-1
Let m(g) = -2*g**2 + 2*g + 13. What is m(-4)?
-27
Let r(i) = i**3 - 10*i**2 + 2*i - 10. What is r(10)?
10
Let n(y) = 16*y - 89. Calculate n(4).
-25
Let r(m) = 3*m + 92. Give r(-30).
2
Let q(t) = -t**3 + 6*t**2 - 10*t + 10. What is q(4)?
2
Let o(c) = 36*c**3 - 2*c**2 + 1. Calculate o(1).
35
Let c(o) = o**3 - 4*o**2 + 5*o - 5. Calculate c(5).
45
Let z(m) = -m**3 - 18*m**2 - 31*m + 19. What is z(-16)?
3
Let p(y) = -y + 24. Determine p(18).
6
Let v(p) = -p + 9. Calculate v(-5).
14
Let n(o) = o**3 + 8*o**2 - 7*o - 8. Give n(-9).
-26
Let k(o) = 10*o - 73. Give k(7).
-3
Let c(t) = -t**3 - 4*t**2 - 3. What is c(-4)?
-3
Let z(p) = p**2 - 3*p - 7. What is z(6)?
11
Let k(n) = n**3 - 8*n**2 + 7*n + 16. Determine k(7).
16
Let s(f) = f**3 - 9*f**2 + 11*f - 2. Give s(8).
22
Let q(h) = -h + 8. Determine q(-3).
11
Let b(t) = t**2 + t. Calculate b(-1).
0
Let n(g) = 26*g**3 - 2*g**2 + g. Determine n(1).
25
Let o(d) = -16*d. Determine o(2).
-32
Let y(p) = -p**3 + 9*p**2 - 12*p - 47. What is y(6)?
-11
Let z(n) = -n**2 - 38*n + 155. Calculate z(-42).
-13
Let x(f) = f**2 - f - 31. Determine x(5).
-11
Let q(r) = -2*r**2 + 40*r + 456. Calculate q(-8).
8
Let f(p) = p - 13. Determine f(6).
-7
Let l(z) = z - 9. Determine l(7).
-2
Let k(g) = -4*g**2 - 7*g + 9. Give k(-4).
-27
Let g(h) = -h**3 - 5*h**2 + 4*h + 9. What is g(-6)?
21
Let k(f) = -2*f**2